st the prime factors of 856078.
2, 428039
List the prime factors of 417561.
3, 139187
List the prime factors of 1038126.
2, 3, 173021
What are the prime factors of 2318035?
5, 17, 27271
What are the prime factors of 443404?
2, 13, 8527
List the prime factors of 19849.
23, 863
What are the prime factors of 686668?
2, 41, 53, 79
What are the prime factors of 14772072?
2, 3, 7, 23, 3823
What are the prime factors of 4838275?
5, 13, 14887
List the prime factors of 524311.
83, 6317
What are the prime factors of 3240260?
2, 5, 19, 8527
What are the prime factors of 449208?
2, 3, 17, 367
List the prime factors of 293682.
2, 3, 48947
List the prime factors of 312094.
2, 19, 43, 191
List the prime factors of 115748.
2, 19, 1523
What are the prime factors of 16899881?
16899881
List the prime factors of 6075975.
3, 5, 81013
What are the prime factors of 3524098?
2, 1762049
What are the prime factors of 1694477?
19, 101, 883
What are the prime factors of 12104826?
2, 3, 2017471
What are the prime factors of 5271901?
5271901
What are the prime factors of 157805?
5, 37, 853
List the prime factors of 387626.
2, 193813
List the prime factors of 1896754.
2, 948377
List the prime factors of 4597621.
7, 101, 929
List the prime factors of 11160936.
2, 3, 163, 317
List the prime factors of 7471811.
7471811
List the prime factors of 5557872.
2, 3, 89, 1301
List the prime factors of 591749.
591749
What are the prime factors of 526334?
2, 263167
What are the prime factors of 1468567?
19, 37, 2089
List the prime factors of 220135.
5, 44027
What are the prime factors of 743561?
7, 13, 8171
What are the prime factors of 324225?
3, 5, 11, 131
List the prime factors of 6555201.
3, 1049, 2083
What are the prime factors of 5096100?
2, 3, 5, 16987
What are the prime factors of 3449916?
2, 3, 61, 1571
What are the prime factors of 556054?
2, 19, 14633
List the prime factors of 1153452.
2, 3, 19, 5059
What are the prime factors of 231641?
43, 5387
What are the prime factors of 194485?
5, 97, 401
What are the prime factors of 12108891?
3, 4036297
List the prime factors of 10592829.
3, 13, 103, 293
List the prime factors of 7593277.
7593277
What are the prime factors of 1367973?
3, 17, 8941
List the prime factors of 709599.
3, 11, 21503
List the prime factors of 523073.
17, 29, 1061
List the prime factors of 666476.
2, 166619
List the prime factors of 213503.
17, 19, 661
List the prime factors of 5903739.
3, 218657
List the prime factors of 18965919.
3, 7, 593, 1523
What are the prime factors of 393229?
173, 2273
List the prime factors of 242209.
11, 97, 227
List the prime factors of 11747660.
2, 5, 71, 8273
What are the prime factors of 13190?
2, 5, 1319
List the prime factors of 320138.
2, 7, 13, 1759
List the prime factors of 319642.
2, 71, 2251
What are the prime factors of 824746?
2, 13, 31721
List the prime factors of 320692.
2, 80173
What are the prime factors of 2618006?
2, 239, 5477
List the prime factors of 1290208.
2, 23, 1753
What are the prime factors of 316096?
2, 11, 449
List the prime factors of 1165211.
1165211
List the prime factors of 1267485.
3, 5, 84499
List the prime factors of 494334.
2, 3, 29, 947
List the prime factors of 24128451.
3, 859, 3121
List the prime factors of 31668551.
29, 1092019
List the prime factors of 8240136.
2, 3, 521, 659
List the prime factors of 475481.
59, 8059
What are the prime factors of 448469?
7, 64067
What are the prime factors of 5751143?
59, 107, 911
What are the prime factors of 14208429?
3, 47, 100769
What are the prime factors of 1135193?
19, 59747
List the prime factors of 408019.
408019
List the prime factors of 128864.
2, 4027
List the prime factors of 125161.
47, 2663
List the prime factors of 67164.
2, 3, 29, 193
List the prime factors of 7237614.
2, 3, 17, 70957
List the prime factors of 637220.
2, 5, 151, 211
List the prime factors of 12714243.
3, 1039, 4079
What are the prime factors of 204115?
5, 40823
What are the prime factors of 611060?
2, 5, 30553
List the prime factors of 444224.
2, 11, 631
What are the prime factors of 536625?
3, 5, 53
What are the prime factors of 178572?
2, 3, 23, 647
What are the prime factors of 290002?
2, 83, 1747
List the prime factors of 2819005.
5, 7, 239, 337
List the prime factors of 838187.
7, 29, 4129
List the prime factors of 3266502.
2, 3, 29, 18773
List the prime factors of 236975.
5, 9479
List the prime factors of 264065.
5, 52813
List the prime factors of 10024852.
2, 421, 5953
List the prime factors of 8283.
3, 11, 251
What are the prime factors of 244470?
2, 3, 5, 29, 281
What are the prime factors of 1871914?
2, 11, 85087
What are the prime factors of 614220?
2, 3, 5, 29, 353
List the prime factors of 218013.
3, 72671
List the prime factors of 171229.
83, 2063
What are the prime factors of 1022988?
2, 3, 163, 523
What are the prime factors of 351600?
2, 3, 5, 293
List the prime factors of 25248.
2, 3, 263
What are the prime factors of 23204309?
23, 367, 2749
List the prime factors of 8911649.
23, 387463
What are the prime factors of 573890?
2, 5, 57389
List the prime factors of 654471.
3, 72719
What are the prime factors of 1409483?
47, 29989
List the prime factors of 452307.
3, 150769
List the prime factors of 7042801.
7042801
List the prime factors of 15443651.
15443651
What are the prime factors of 139123?
139123
List the prime factors of 175897.
175897
List the prime factors of 14229580.
2, 5, 711479
List the prime factors of 381945.
3, 5, 25463
List the prime factors of 227688.
2, 3, 53, 179
What are the prime factors of 560076?
2, 3, 11, 4243
What are the prime factors of 704944?
2, 44059
What are the prime factors of 3344513?
19, 103, 1709
List the prime factors of 171188.
2, 42797
List the prime factors of 647394.
2, 3, 11, 17, 577
What are the prime factors of 88477?
103, 859
What are the prime factors of 879418?
2, 439709
List the prime factors of 1972832.
2, 61651
What are the prime factors of 224621?
17, 73, 181
List the prime factors of 268872.
2, 3, 17, 659
List the prime factors of 7963092.
2, 3, 221197
What are the prime factors of 906279?
3, 11, 29, 947
What are the prime factors of 3838001?
3838001
List the prime factors of 1328150.
2, 5, 101, 263
List the prime factors of 21717268.
2, 199, 27283
List the prime factors of 39651624.
2, 3, 550717
What are the prime factors of 25965266?
2, 29, 447677
What are the prime factors of 77722?
2, 38861
What are the prime factors of 2021083?
2021083
What are the prime factors of 11795511?
3, 7, 13, 43207
What are the prime factors of 15800565?
3, 5, 11, 17, 43, 131
List the prime factors of 1615043.
1615043
What are the prime factors of 932665?
5, 103, 1811
What are the prime factors of 22263002?
2, 11131501
What are the prime factors of 56357?
7, 83, 97
What are the prime factors of 554002?
2, 19, 61, 239
List the prime factors of 3339113.
3339113
List the prime factors of 128337.
3, 11, 3889
List the prime factors of 186309.
3, 127, 163
List the prime factors of 654467.
11, 59497
List the prime factors of 286603.
17, 23, 733
List the prime factors of 1783922.
2, 7, 127423
What are the prime factors of 10758206?
2, 47, 193, 593
What are the prime factors of 3992190?
2, 3, 5, 133073
List the prime factors of 158812.
2, 39703
List the prime factors of 154293.
3, 51431
What are the prime factors of 398174?
2, 7, 17, 239
What are the prime factors of 1464458?
2, 732229
What are the prime factors of 4066940?
2, 5, 43, 4729
List the prime factors of 2421521.
859, 2819
What are the prime factors of 1017113?
113, 9001
What are the prime factors of 5132785?
5, 7, 53, 2767
List the prime factors of 2168089.
7, 11, 37, 761
What are the prime factors of 311848?
2, 17, 2293
What are the prime factors of 163736?
2, 97, 211
What are the prime factors of 759076?
2, 109, 1741
What are the prime factors of 1038?
2, 3, 173
What are the prime factors of 1747522?
2, 7, 124823
What are the prime factors of 3251797?
109, 29833
What are the prime factors of 2090050?
2, 5, 41801
What are the prime factors of 1267131?
3, 422377
What are the prime factors of 1197870?
2, 3, 5, 39929
List the prime factors of 487105.
5, 37, 2633
What are the prime factors of 501284?
2, 7, 17903
What are the prime factors of 8645779?
19, 127, 3583
List t